{"id":7,"date":"2022-09-14T17:29:46","date_gmt":"2022-09-14T15:29:46","guid":{"rendered":"http:\/\/lapensiondetitoune.com\/?page_id=7"},"modified":"2022-09-15T16:43:32","modified_gmt":"2022-09-15T14:43:32","slug":"contact","status":"publish","type":"page","link":"https:\/\/lapensiondetitoune.com\/index.php\/contact\/","title":{"rendered":"Contact"},"content":{"rendered":"\n<p>t\u00e9l\u00e9phones : 06 72 59 53 70 <\/p>\n\n\n\n<p>                     09 63 54 08 97 <\/p>\n\n\n\n<p>mail : lapensiondetitoune@outlook.fr<\/p>\n\n\n\n<p>facebook : https:\/\/www.facebook.com\/profile.php?id=100085072230904<\/p>\n\n\n\n<p>adresse : lieu dit les l\u00e9rets 03220 chavroches <\/p>\n\n\n\n<p><\/p>\n\n\n\n<p><\/p>\n\n\n\n<p><\/p>\n\n\n\n<p><\/p>\n\n\n\n<p><\/p>\n\n\n\n<p><\/p>\n\n\n\n<p><\/p>\n\n\n\n<p><\/p>\n\n\n\n<p><\/p>\n\n\n\n<p><\/p>\n\n\n\n<p><\/p>\n\n\n\n<p><\/p>\n\n\n\n<p><\/p>\n\n\n\n<p><\/p>\n\n\n\n<p><\/p>\n\n\n\n<p><\/p>\n\n\n\n<p><\/p>\n\n\n\n<p><\/p>\n\n\n\n<p><\/p>\n\n\n\n<p><\/p>\n\n\n\n<p><\/p>\n\n\n\n<p><\/p>\n\n\n\n<p>LA PROTECTION DE VOS DONN\u00c9ES ET<br>INFORMATIONS PERSONNELLES : <\/p>\n\n\n\n<p>Conform\u00e9ment \u00e0 la loi \u00ab informatique et libert\u00e9s \u00bb de la loi n\u00b0 78-17 du 6 janvier 1978 modifi\u00e9e en 2004<br>et 2018 et au r\u00e8glement (UE) 2016\/679 du Parlement europ\u00e9en et du Conseil du 27 avril 2016 applicable<br>\u00e0 compter du 25 mai 2018, vous b\u00e9n\u00e9ficiez d\u2019un droit d\u2019acc\u00e8s, de portabilit\u00e9, de rectification, de<br>suppression et d\u2019opposition aux informations qui vous concernent, que vous pouvez exercer en vous<br>adressant par \u00e9crit \u00e0 l\u2019adresse de notre si\u00e8ge social \u00e0 destination du DPO (avec copie d&rsquo;une pi\u00e8ce<br>d&rsquo;identit\u00e9).<br>Vous avez la facult\u00e9 d&rsquo;introduire une r\u00e9clamation :<br>\u2022 Sur le site de la CNIL en remplissant un formulaire de plainte en ligne.<br>\u2022 Par courrier postal en \u00e9crivant \u00e0 : CNIL &#8211; 3 Place de Fontenoy &#8211; TSA 80715 &#8211; 75334 PARIS CEDEX 07<\/p>\n","protected":false},"excerpt":{"rendered":"<p>t\u00e9l\u00e9phones : 06 72 59 53 70 09 63 54 08 97 mail : lapensiondetitoune@outlook.fr facebook : https:\/\/www.facebook.com\/profile.php?id=100085072230904 adresse : lieu dit les l\u00e9rets 03220 chavroches LA PROTECTION DE VOS DONN\u00c9ES ETINFORMATIONS PERSONNELLES : Conform\u00e9ment \u00e0 la loi \u00ab informatique et libert\u00e9s \u00bb de la loi n\u00b0 78-17 du 6 janvier 1978 modifi\u00e9e en 2004et [&hellip;]<\/p>\n","protected":false},"author":1,"featured_media":0,"parent":0,"menu_order":0,"comment_status":"closed","ping_status":"closed","template":"","meta":{"footnotes":""},"class_list":["post-7","page","type-page","status-publish","hentry"],"yoast_head":"<!-- This site is optimized with the Yoast SEO plugin v27.4 - https:\/\/yoast.com\/product\/yoast-seo-wordpress\/ -->\n<title>Contact - la pension de titoune<\/title>\n<meta name=\"description\" content=\"pension canine pension feline pension animaliere vivhy lapalisse moulins allier\" \/>\n<meta name=\"robots\" content=\"index, follow, max-snippet:-1, max-image-preview:large, max-video-preview:-1\" \/>\n<link rel=\"canonical\" href=\"https:\/\/lapensiondetitoune.com\/index.php\/contact\/\" \/>\n<meta property=\"og:locale\" content=\"fr_FR\" \/>\n<meta property=\"og:type\" content=\"article\" \/>\n<meta property=\"og:title\" content=\"Contact - la pension de titoune\" \/>\n<meta property=\"og:description\" content=\"pension canine pension feline pension animaliere vivhy lapalisse moulins allier\" \/>\n<meta property=\"og:url\" content=\"https:\/\/lapensiondetitoune.com\/index.php\/contact\/\" \/>\n<meta property=\"og:site_name\" content=\"la pension de titoune\" \/>\n<meta property=\"article:publisher\" content=\"https:\/\/www.facebook.com\/profile.php?id=100085072230904\" \/>\n<meta property=\"article:modified_time\" content=\"2022-09-15T14:43:32+00:00\" \/>\n<meta name=\"twitter:card\" content=\"summary_large_image\" \/>\n<meta name=\"twitter:label1\" content=\"Dur\u00e9e de lecture estim\u00e9e\" \/>\n\t<meta name=\"twitter:data1\" content=\"1 minute\" \/>\n<script type=\"application\/ld+json\" class=\"yoast-schema-graph\">{\"@context\":\"https:\\\/\\\/schema.org\",\"@graph\":[{\"@type\":\"WebPage\",\"@id\":\"https:\\\/\\\/lapensiondetitoune.com\\\/index.php\\\/contact\\\/\",\"url\":\"https:\\\/\\\/lapensiondetitoune.com\\\/index.php\\\/contact\\\/\",\"name\":\"Contact - la pension de titoune\",\"isPartOf\":{\"@id\":\"https:\\\/\\\/lapensiondetitoune.com\\\/#website\"},\"datePublished\":\"2022-09-14T15:29:46+00:00\",\"dateModified\":\"2022-09-15T14:43:32+00:00\",\"description\":\"pension canine pension feline pension animaliere vivhy lapalisse moulins allier\",\"breadcrumb\":{\"@id\":\"https:\\\/\\\/lapensiondetitoune.com\\\/index.php\\\/contact\\\/#breadcrumb\"},\"inLanguage\":\"fr-FR\",\"potentialAction\":[{\"@type\":\"ReadAction\",\"target\":[\"https:\\\/\\\/lapensiondetitoune.com\\\/index.php\\\/contact\\\/\"]}]},{\"@type\":\"BreadcrumbList\",\"@id\":\"https:\\\/\\\/lapensiondetitoune.com\\\/index.php\\\/contact\\\/#breadcrumb\",\"itemListElement\":[{\"@type\":\"ListItem\",\"position\":1,\"name\":\"Accueil\",\"item\":\"https:\\\/\\\/lapensiondetitoune.com\\\/\"},{\"@type\":\"ListItem\",\"position\":2,\"name\":\"Contact\"}]},{\"@type\":\"WebSite\",\"@id\":\"https:\\\/\\\/lapensiondetitoune.com\\\/#website\",\"url\":\"https:\\\/\\\/lapensiondetitoune.com\\\/\",\"name\":\"lapensiondetitoune.com\",\"description\":\"pension animali\u00e8re\",\"alternateName\":\"pension titoune\",\"potentialAction\":[{\"@type\":\"SearchAction\",\"target\":{\"@type\":\"EntryPoint\",\"urlTemplate\":\"https:\\\/\\\/lapensiondetitoune.com\\\/?s={search_term_string}\"},\"query-input\":{\"@type\":\"PropertyValueSpecification\",\"valueRequired\":true,\"valueName\":\"search_term_string\"}}],\"inLanguage\":\"fr-FR\"}]}<\/script>\n<!-- \/ Yoast SEO plugin. -->","yoast_head_json":{"title":"Contact - la pension de titoune","description":"pension canine pension feline pension animaliere vivhy lapalisse moulins allier","robots":{"index":"index","follow":"follow","max-snippet":"max-snippet:-1","max-image-preview":"max-image-preview:large","max-video-preview":"max-video-preview:-1"},"canonical":"https:\/\/lapensiondetitoune.com\/index.php\/contact\/","og_locale":"fr_FR","og_type":"article","og_title":"Contact - la pension de titoune","og_description":"pension canine pension feline pension animaliere vivhy lapalisse moulins allier","og_url":"https:\/\/lapensiondetitoune.com\/index.php\/contact\/","og_site_name":"la pension de titoune","article_publisher":"https:\/\/www.facebook.com\/profile.php?id=100085072230904","article_modified_time":"2022-09-15T14:43:32+00:00","twitter_card":"summary_large_image","twitter_misc":{"Dur\u00e9e de lecture estim\u00e9e":"1 minute"},"schema":{"@context":"https:\/\/schema.org","@graph":[{"@type":"WebPage","@id":"https:\/\/lapensiondetitoune.com\/index.php\/contact\/","url":"https:\/\/lapensiondetitoune.com\/index.php\/contact\/","name":"Contact - la pension de titoune","isPartOf":{"@id":"https:\/\/lapensiondetitoune.com\/#website"},"datePublished":"2022-09-14T15:29:46+00:00","dateModified":"2022-09-15T14:43:32+00:00","description":"pension canine pension feline pension animaliere vivhy lapalisse moulins allier","breadcrumb":{"@id":"https:\/\/lapensiondetitoune.com\/index.php\/contact\/#breadcrumb"},"inLanguage":"fr-FR","potentialAction":[{"@type":"ReadAction","target":["https:\/\/lapensiondetitoune.com\/index.php\/contact\/"]}]},{"@type":"BreadcrumbList","@id":"https:\/\/lapensiondetitoune.com\/index.php\/contact\/#breadcrumb","itemListElement":[{"@type":"ListItem","position":1,"name":"Accueil","item":"https:\/\/lapensiondetitoune.com\/"},{"@type":"ListItem","position":2,"name":"Contact"}]},{"@type":"WebSite","@id":"https:\/\/lapensiondetitoune.com\/#website","url":"https:\/\/lapensiondetitoune.com\/","name":"lapensiondetitoune.com","description":"pension animali\u00e8re","alternateName":"pension titoune","potentialAction":[{"@type":"SearchAction","target":{"@type":"EntryPoint","urlTemplate":"https:\/\/lapensiondetitoune.com\/?s={search_term_string}"},"query-input":{"@type":"PropertyValueSpecification","valueRequired":true,"valueName":"search_term_string"}}],"inLanguage":"fr-FR"}]}},"jetpack_sharing_enabled":true,"_links":{"self":[{"href":"https:\/\/lapensiondetitoune.com\/index.php\/wp-json\/wp\/v2\/pages\/7","targetHints":{"allow":["GET"]}}],"collection":[{"href":"https:\/\/lapensiondetitoune.com\/index.php\/wp-json\/wp\/v2\/pages"}],"about":[{"href":"https:\/\/lapensiondetitoune.com\/index.php\/wp-json\/wp\/v2\/types\/page"}],"author":[{"embeddable":true,"href":"https:\/\/lapensiondetitoune.com\/index.php\/wp-json\/wp\/v2\/users\/1"}],"replies":[{"embeddable":true,"href":"https:\/\/lapensiondetitoune.com\/index.php\/wp-json\/wp\/v2\/comments?post=7"}],"version-history":[{"count":6,"href":"https:\/\/lapensiondetitoune.com\/index.php\/wp-json\/wp\/v2\/pages\/7\/revisions"}],"predecessor-version":[{"id":167,"href":"https:\/\/lapensiondetitoune.com\/index.php\/wp-json\/wp\/v2\/pages\/7\/revisions\/167"}],"wp:attachment":[{"href":"https:\/\/lapensiondetitoune.com\/index.php\/wp-json\/wp\/v2\/media?parent=7"}],"curies":[{"name":"wp","href":"https:\/\/api.w.org\/{rel}","templated":true}]}}